{"id":55,"date":"2018-01-30T18:38:14","date_gmt":"2018-01-30T17:38:14","guid":{"rendered":"http:\/\/pwd.drwinia.pl\/?page_id=55"},"modified":"2019-04-16T08:03:08","modified_gmt":"2019-04-16T06:03:08","slug":"o-placowce","status":"publish","type":"page","link":"https:\/\/pwd.drwinia.pl\/?page_id=55","title":{"rendered":"O Plac\u00f3wce"},"content":{"rendered":"<p>Utworzenie Plac\u00f3wki Wsparcia Dziennego ma na celu wspieranie dzieci i m\u0142odzie\u017cy w rozwijaniu swoich umiej\u0119tno\u015bci zar\u00f3wno w zakresie edukacji jak i rozwoju interpersonalnego. Plac\u00f3wka powsta\u0142a w budynku by\u0142ej szko\u0142y w Niedarach, kt\u00f3ry zosta\u0142 wyremontowany i dostosowany do pe\u0142nienia nowej funkcji. B\u0119dzie to przede wszystkim pomoc dla rodziny w opiece nad dzieckiem oraz w jego wychowaniu. Zapewnienie uczestnikom projektu oparcia nie tylko w wychowawcach, ale r\u00f3wnie\u017c w korepetytorach, terapeutach, logopedach, psychologach, kt\u00f3rzy zar\u00f3wno dzieciom jak i rodzicom b\u0119d\u0105 s\u0142u\u017cy\u0107 swoimi umiej\u0119tno\u015bciami, do\u015bwiadczeniem i dobr\u0105 rad\u0105. Rekrutacji do projektu podlega\u0107 b\u0119d\u0105 dzieci i m\u0142odzie\u017c (r\u00f3wnie\u017c osoby niepe\u0142nosprawne) do 18 roku \u017cycia, mieszkaj\u0105ce na terenie gminy Drwinia. Do projektu trwaj\u0105cego 3 lata zostanie zakwalifikowanych \u0142\u0105cznie 100 uczestnik\u00f3w. Udzia\u0142 w projekcie jest dobrowolny i bezp\u0142atny, a uczestnicy b\u0119d\u0105 mieli zapewniony dojazd do plac\u00f3wki oraz ciep\u0142y posi\u0142ek w trakcie zaj\u0119\u0107. Jednocze\u015bnie w zaj\u0119ciach b\u0119dzie mog\u0142o bra\u0107 udzia\u0142 30 os\u00f3b. Dla ka\u017cdego uczestnika projektu zostanie przygotowany indywidualny plan wsparcia, dostosowany do jego predyspozycji. W zale\u017cno\u015bci od potrzeb organizowane b\u0119d\u0105 zaj\u0119cia indywidualne \u2013 korepetycje, spotkania z logoped\u0105, terapeut\u0105 czy psychologiem. Dzieci zakwalifikowane do projektu b\u0119d\u0105 r\u00f3wnie\u017c pracowa\u0107 w grupach. Podczas tych zaj\u0119\u0107 rozwijane b\u0119d\u0105 mi\u0119dzy innymi: kompetencje komputerowe (odrabianie zada\u0144 przy pomocy komputera, podstawy programowania w profesjonalnie wyposa\u017conej sali komputerowej), umiej\u0119tno\u015b\u0107 uczenia si\u0119, porozumiewanie si\u0119 w j\u0119zyku ojczystym i w j\u0119zykach obcych (warsztaty j\u0119zykowe, zaj\u0119cia w profesjonalnie przygotowanej pracowni j\u0119zykowej, wycieczki w z przewodnikiem j\u0119zyka obcego). Uczestnicy zostan\u0105 podzieleni na trzy grupy wiekowe, dla ka\u017cdej grupy zaj\u0119cia organizowane b\u0119d\u0105 cztery razy w tygodniu. Organizowana b\u0119dzie r\u00f3wnie\u017c tzw. podw\u00f3rkowa forma zaj\u0119\u0107. Pedagodzy i instruktorzy zatrudnieni przez Plac\u00f3wk\u0119 Wsparcia Dziennego b\u0119d\u0105 prowadzili w ciekawej formie zaj\u0119cia: rekreacyjne, sportowe, muzyczne, plastyczne, taneczne czy profilaktyczne. Urz\u0105dzane b\u0119d\u0105 te\u017c wycieczki edukacyjne, kolonie letnie i obozy zimowe.<\/p>\n","protected":false},"excerpt":{"rendered":"<p>Utworzenie Plac\u00f3wki Wsparcia Dziennego ma na celu wspieranie dzieci i m\u0142odzie\u017cy w rozwijaniu swoich umiej\u0119tno\u015bci zar\u00f3wno w zakresie edukacji jak i rozwoju interpersonalnego. Plac\u00f3wka powsta\u0142a w budynku by\u0142ej szko\u0142y w Niedarach, kt\u00f3ry zosta\u0142 wyremontowany i dostosowany do pe\u0142nienia nowej funkcji. B\u0119dzie to przede wszystkim pomoc dla rodziny w opiece nad dzieckiem oraz w jego wychowaniu. &hellip; <\/p>\n<p class=\"link-more\"><a href=\"https:\/\/pwd.drwinia.pl\/?page_id=55\" class=\"more-link\">Czytaj dalej<span class=\"screen-reader-text\"> \u201eO Plac\u00f3wce\u201d<\/span><\/a><\/p>\n","protected":false},"author":1,"featured_media":0,"parent":0,"menu_order":0,"comment_status":"closed","ping_status":"closed","template":"","meta":{"footnotes":""},"class_list":["post-55","page","type-page","status-publish","hentry"],"_links":{"self":[{"href":"https:\/\/pwd.drwinia.pl\/index.php?rest_route=\/wp\/v2\/pages\/55","targetHints":{"allow":["GET"]}}],"collection":[{"href":"https:\/\/pwd.drwinia.pl\/index.php?rest_route=\/wp\/v2\/pages"}],"about":[{"href":"https:\/\/pwd.drwinia.pl\/index.php?rest_route=\/wp\/v2\/types\/page"}],"author":[{"embeddable":true,"href":"https:\/\/pwd.drwinia.pl\/index.php?rest_route=\/wp\/v2\/users\/1"}],"replies":[{"embeddable":true,"href":"https:\/\/pwd.drwinia.pl\/index.php?rest_route=%2Fwp%2Fv2%2Fcomments&post=55"}],"version-history":[{"count":8,"href":"https:\/\/pwd.drwinia.pl\/index.php?rest_route=\/wp\/v2\/pages\/55\/revisions"}],"predecessor-version":[{"id":310,"href":"https:\/\/pwd.drwinia.pl\/index.php?rest_route=\/wp\/v2\/pages\/55\/revisions\/310"}],"wp:attachment":[{"href":"https:\/\/pwd.drwinia.pl\/index.php?rest_route=%2Fwp%2Fv2%2Fmedia&parent=55"}],"curies":[{"name":"wp","href":"https:\/\/api.w.org\/{rel}","templated":true}]}}

O Placówce

<p>Utworzenie Placówki Wsparcia Dziennego ma na celu wspieranie dzieci i młodzieży w rozwijaniu swoich umiejętności zarówno w zakresie edukacji jak i rozwoju interpersonalnego. Placówka powstała w budynku byłej szkoły w Niedarach, który został wyremontowany i dostosowany do pełnienia nowej funkcji. Będzie to przede wszystkim pomoc dla rodziny w opiece nad dzieckiem oraz w jego wychowaniu. Zapewnienie uczestnikom projektu oparcia nie tylko w wychowawcach, ale również w korepetytorach, terapeutach, logopedach, psychologach, którzy zarówno dzieciom jak i rodzicom będą służyć swoimi umiejętnościami, doświadczeniem i dobrą radą. Rekrutacji do projektu podlegać będą dzieci i młodzież (również osoby niepełnosprawne) do 18 roku życia, mieszkające na terenie gminy Drwinia. Do projektu trwającego 3 lata zostanie zakwalifikowanych łącznie 100 uczestników. Udział w projekcie jest dobrowolny i bezpłatny, a uczestnicy będą mieli zapewniony dojazd do placówki oraz ciepły posiłek w trakcie zajęć. Jednocześnie w zajęciach będzie mogło brać udział 30 osób. Dla każdego uczestnika projektu zostanie przygotowany indywidualny plan wsparcia, dostosowany do jego predyspozycji. W zależności od potrzeb organizowane będą zajęcia indywidualne – korepetycje, spotkania z logopedą, terapeutą czy psychologiem. Dzieci zakwalifikowane do projektu będą również pracować w grupach. Podczas tych zajęć rozwijane będą między innymi: kompetencje komputerowe (odrabianie zadań przy pomocy komputera, podstawy programowania w profesjonalnie wyposażonej sali komputerowej), umiejętność uczenia się, porozumiewanie się w języku ojczystym i w językach obcych (warsztaty językowe, zajęcia w profesjonalnie przygotowanej pracowni językowej, wycieczki w z przewodnikiem języka obcego). Uczestnicy zostaną podzieleni na trzy grupy wiekowe, dla każdej grupy zajęcia organizowane będą cztery razy w tygodniu. Organizowana będzie również tzw. podwórkowa forma zajęć. Pedagodzy i instruktorzy zatrudnieni przez Placówkę Wsparcia Dziennego będą prowadzili w ciekawej formie zajęcia: rekreacyjne, sportowe, muzyczne, plastyczne, taneczne czy profilaktyczne. Urządzane będą też wycieczki edukacyjne, kolonie letnie i obozy zimowe.</p>

<p>Utworzenie Placówki Wsparcia Dziennego ma na celu wspieranie dzieci i młodzieży w rozwijaniu swoich umiejętności zarówno w zakresie edukacji jak i rozwoju interpersonalnego. Placówka powstała w budynku byłej szkoły w Niedarach, który został wyremontowany i dostosowany do pełnienia nowej funkcji. Będzie to przede wszystkim pomoc dla rodziny w opiece nad dzieckiem oraz w jego wychowaniu. &hellip; </p>
<p class="link-more"><a href="https://pwd.drwinia.pl/?page_id=55" class="more-link">Czytaj dalej<span class="screen-reader-text"> „O Placówce”</span></a></p>
